
5, 7, 643429
What are the prime factors of 322395953?
11, 29308723
List the prime factors of 25619459.
17, 199, 7573
What are the prime factors of 133614796?
2, 7, 47, 101531
What are the prime factors of 425288927?
7, 60755561
What are the prime factors of 144247093?
144247093
What are the prime factors of 18875603?
18875603
List the prime factors of 11885036.
2, 2971259
What are the prime factors of 215019390?
2, 3, 5, 19, 233, 1619
What are the prime factors of 3761104561?
53, 5039, 14083
What are the prime factors of 726185685?
3, 5, 17, 2847787
What are the prime factors of 2072991071?
47, 44106193
What are the prime factors of 86127889?
31, 251, 11069
List the prime factors of 3112371918.
2, 3, 541, 106537
List the prime factors of 342655328.
2, 10707979
List the prime factors of 356187349.
7, 17, 2993171
What are the prime factors of 283928874?
2, 3, 47321479
List the prime factors of 730018039.
31, 23548969
List the prime factors of 124682444.
2, 67, 139, 3347
List the prime factors of 22179987.
3, 273827
List the prime factors of 1789773013.
7, 255681859
What are the prime factors of 64252119?
3, 31, 523, 1321
List the prime factors of 1096932362.
2, 3631, 151051
What are the prime factors of 1480501133?
1480501133
List the prime factors of 1037336769.
3, 7, 1381, 11923
What are the prime factors of 4163902512?
2, 3, 7, 11, 1126597
List the prime factors of 6054020798.
2, 7, 59, 281, 26083
What are the prime factors of 49966647?
3, 89, 187141
What are the prime factors of 93360290?
2, 5, 9336029
What are the prime factors of 13648556?
2, 31, 110069
What are the prime factors of 35831227?
35831227
What are the prime factors of 36849096?
2, 3, 511793
List the prime factors of 2349236160.
2, 3, 5, 239, 3413
List the prime factors of 357614012.
2, 7, 12771929
List the prime factors of 4716356.
2, 47, 25087
What are the prime factors of 262151?
262151
What are the prime factors of 1343084557?
509, 2638673
What are the prime factors of 1856158153?
1856158153
List the prime factors of 74249714.
2, 7, 11, 53, 827
What are the prime factors of 293372991?
3, 197, 337, 491
List the prime factors of 7248725.
5, 11, 43, 613
What are the prime factors of 511888110?
2, 3, 5, 193, 211, 419
List the prime factors of 618249032.
2, 839, 92111
List the prime factors of 209418619.
13451, 15569
What are the prime factors of 1212284813?
11489, 105517
What are the prime factors of 114098117?
7, 2328533
List the prime factors of 33855306.
2, 3, 239, 23609
List the prime factors of 228079812.
2, 3, 3469, 5479
What are the prime factors of 1626741231?
3, 542247077
What are the prime factors of 587521736?
2, 79, 929623
List the prime factors of 1036135790.
2, 5, 37, 743, 3769
List the prime factors of 1918217053.
1918217053
What are the prime factors of 9700663?
7, 1385809
What are the prime factors of 2212853411?
19, 107, 1088467
What are the prime factors of 472524311?
7, 67503473
What are the prime factors of 722211459?
3, 17, 2477, 5717
List the prime factors of 340445110.
2, 5, 107, 318173
List the prime factors of 446588369.
19, 109, 191, 1129
List the prime factors of 12785940.
2, 3, 5, 251, 283
What are the prime factors of 1229812921?
23, 2887, 18521
List the prime factors of 497270949.
3, 7, 4289, 5521
What are the prime factors of 777425291?
777425291
What are the prime factors of 118055089?
17, 73, 251, 379
What are the prime factors of 25331550?
2, 3, 5, 97, 1741
List the prime factors of 1144672582.
2, 31, 1061, 17401
List the prime factors of 101234326.
2, 151, 335213
What are the prime factors of 628262605?
5, 125652521
List the prime factors of 1276640.
2, 5, 79, 101
List the prime factors of 2726386022.
2, 7573, 180007
List the prime factors of 112992070.
2, 5, 11299207
What are the prime factors of 1704190349?
2719, 626771
List the prime factors of 194310506.
2, 13, 113, 66137
List the prime factors of 221537723.
11, 20139793
What are the prime factors of 21000795?
3, 5, 19, 31, 2377
What are the prime factors of 26798600?
2, 5, 133993
What are the prime factors of 1813492029?
3, 604497343
What are the prime factors of 7537462744?
2, 7, 101, 1332649
List the prime factors of 1765557820.
2, 5, 13, 47, 144481
List the prime factors of 146927524.
2, 409, 89809
List the prime factors of 277306030.
2, 5, 4871, 5693
What are the prime factors of 711541689?
3, 12497, 18979
List the prime factors of 1539247446.
2, 3, 11, 23, 337999
What are the prime factors of 74271637?
11, 83, 81349
What are the prime factors of 56141807?
56141807
List the prime factors of 1078788773.
43, 211, 118901
List the prime factors of 108809879.
108809879
List the prime factors of 4133469547.
2731, 1513537
List the prime factors of 1243349593.
109, 661, 17257
List the prime factors of 30767619.
3, 677, 15149
What are the prime factors of 602188267?
109, 131, 181, 233
What are the prime factors of 16403156?
2, 7, 11, 19, 2803
What are the prime factors of 79484236?
2, 13, 1528543
What are the prime factors of 35163612?
2, 3, 11, 29599
What are the prime factors of 10411539?
3, 1847, 1879
List the prime factors of 42869377.
19, 191, 11813
What are the prime factors of 131110107?
3, 43703369
List the prime factors of 837049718.
2, 23, 18196733
What are the prime factors of 451404526?
2, 4787, 47149
What are the prime factors of 594997736?
2, 311, 239147
List the prime factors of 711224708.
2, 177806177
What are the prime factors of 2398914752?
2, 13, 199, 14489
What are the prime factors of 317864056?
2, 109, 364523
List the prime factors of 93378279.
3, 41, 759173
What are the prime factors of 171067005?
3, 5, 17, 131, 569
What are the prime factors of 4560714521?
11, 414610411
List the prime factors of 126982863.
3, 7, 41, 2341
List the prime factors of 40642694.
2, 137, 148331
List the prime factors of 9019138.
2, 67, 67307
What are the prime factors of 60120043?
60120043
List the prime factors of 29655818.
2, 14827909
List the prime factors of 13557426.
2, 3, 2259571
What are the prime factors of 17948131?
17948131
List the prime factors of 951748669.
37, 73, 352369
What are the prime factors of 2158438850?
2, 5, 41, 1052897
List the prime factors of 2455123619.
13, 251, 752413
List the prime factors of 804801052.
2, 11, 67, 272999
What are the prime factors of 25443883?
17, 709, 2111
What are the prime factors of 35708207?
35708207
List the prime factors of 591698442.
2, 3, 131, 752797
List the prime factors of 2130933095.
5, 23, 113, 163981
List the prime factors of 5660771248.
2, 11, 17, 1891969
List the prime factors of 59938006.
2, 29969003
List the prime factors of 2733211378.
2, 53, 1489, 17317
What are the prime factors of 142706052?
2, 3, 211, 18787
What are the prime factors of 63630405?
3, 5, 17, 83177
What are the prime factors of 3539286228?
2, 3, 15731, 18749
List the prime factors of 2937032741.
43, 1627, 41981
List the prime factors of 59810129.
31, 53, 59, 617
What are the prime factors of 476023324?
2, 7, 17, 353, 2833
What are the prime factors of 461318199?
3, 23, 163, 41017
List the prime factors of 64117642.
2, 17, 139, 13567
List the prime factors of 879365534.
2, 131, 3356357
What are the prime factors of 58180533?
3, 241, 80471
List the prime factors of 88445999.
271, 326369
List the prime factors of 32364436.
2, 13, 223, 2791
List the prime factors of 2422761219.
3, 311, 288527
List the prime factors of 1498231984.
2, 31, 53, 56993
What are the prime factors of 64714756?
2, 16178689
List the prime factors of 125419155.
3, 5, 8361277
List the prime factors of 14295501.
3, 11, 127, 379
What are the prime factors of 6605374781?
43, 79, 1944473
List the prime factors of 2647725771.
3, 882575257
What are the prime factors of 2611205173?
2611205173
What are the prime factors of 102929127?
3, 7, 53, 92479
What are the prime factors of 2937477984?
2, 3, 7, 4371247
List the prime factors of 66488001.
3, 37, 683, 877
List the prime factors of 222440188.
2, 55610047
What are the prime factors of 1600707994?
2, 101, 739, 10723
List the prime factors of 21225609.
3, 2358401
What are the prime factors of 114341153?
114341153
What are the prime factors of 6029156443?
14947, 403369
List the prime factors of 17255328.
2, 3, 179743
What are the prime factors o